nder when 35489 is divided by 602.
573
Calculate the remainder when 7884 is divided by 378.
324
What is the remainder when 30719 is divided by 24?
23
What is the remainder when 823 is divided by 113?
32
Calculate the remainder when 224481 is divided by 184.
1
Calculate the remainder when 29050 is divided by 240.
10
What is the remainder when 23982 is divided by 235?
12
Calculate the remainder when 12244 is divided by 6047.
150
What is the remainder when 8666 is divided by 951?
107
Calculate the remainder when 2241 is divided by 668.
237
Calculate the remainder when 1269 is divided by 446.
377
Calculate the remainder when 86953 is divided by 133.
104
Calculate the remainder when 47326 is divided by 47294.
32
Calculate the remainder when 5187 is divided by 149.
121
Calculate the remainder when 1517 is divided by 159.
86
Calculate the remainder when 4534740 is divided by 197.
194
What is the remainder when 1159 is divided by 556?
47
What is the remainder when 379856 is divided by 793?
9
What is the remainder when 49126 is divided by 9825?
1
Calculate the remainder when 78368 is divided by 21.
17
Calculate the remainder when 32646 is divided by 776.
54
What is the remainder when 241885 is divided by 41?
26
Calculate the remainder when 4823 is divided by 360.
143
Calculate the remainder when 112924 is divided by 84.
28
Calculate the remainder when 5841 is divided by 208.
17
What is the remainder when 2845 is divided by 717?
694
Calculate the remainder when 377665 is divided by 52.
41
Calculate the remainder when 17531 is divided by 79.
72
What is the remainder when 3266 is divided by 10?
6
Calculate the remainder when 15009 is divided by 79.
78
What is the remainder when 557674 is divided by 278830?
14
Calculate the remainder when 8046 is divided by 98.
10
What is the remainder when 121911 is divided by 20305?
81
What is the remainder when 16260 is divided by 82?
24
Calculate the remainder when 12170447 is divided by 1784.
1783
Calculate the remainder when 95278 is divided by 80.
78
Calculate the remainder when 5319 is divided by 213.
207
What is the remainder when 3453 is divided by 229?
18
What is the remainder when 966 is divided by 169?
121
Calculate the remainder when 4557 is divided by 157.
4
What is the remainder when 96737 is divided by 24?
17
What is the remainder when 83059 is divided by 65?
54
Calculate the remainder when 12400 is divided by 962.
856
Calculate the remainder when 370156 is divided by 323.
321
What is the remainder when 35891 is divided by 184?
11
What is the remainder when 31879 is divided by 125?
4
What is the remainder when 182399 is divided by 480?
479
What is the remainder when 625104 is divided by 295?
294
Calculate the remainder when 154593 is divided by 162.
45
What is the remainder when 1642 is divided by 781?
80
What is the remainder when 117470 is divided by 904?
854
Calculate the remainder when 1633 is divided by 524.
61
What is the remainder when 22476 is divided by 20?
16
What is the remainder when 3844 is divided by 1260?
64
Calculate the remainder when 34161 is divided by 38.
37
Calculate the remainder when 58414 is divided by 8329.
111
Calculate the remainder when 16695 is divided by 103.
9
Calculate the remainder when 49196 is divided by 7026.
14
Calculate the remainder when 6839 is divided by 2209.
212
Calculate the remainder when 5849 is divided by 2919.
11
What is the remainder when 8281 is divided by 314?
117
Calculate the remainder when 33486 is divided by 193.
97
Calculate the remainder when 108672 is divided by 15518.
46
What is the remainder when 3153 is divided by 122?
103
Calculate the remainder when 779 is divided by 334.
111
Calculate the remainder when 685 is divided by 482.
203
What is the remainder when 7372 is divided by 125?
122
Calculate the remainder when 2283 is divided by 11.
6
Calculate the remainder when 195287 is divided by 103.
102
Calculate the remainder when 13390 is divided by 248.
246
Calculate the remainder when 4123 is divided by 64.
27
Calculate the remainder when 1707 is divided by 142.
3
Calculate the remainder when 12138 is divided by 675.
663
What is the remainder when 6975 is divided by 189?
171
Calculate the remainder when 3783 is divided by 751.
28
Calculate the remainder when 6492 is divided by 293.
46
What is the remainder when 10201 is divided by 389?
87
Calculate the remainder when 1335 is divided by 448.
439
What is the remainder when 31407 is divided by 785?
7
Calculate the remainder when 722 is divided by 605.
117
What is the remainder when 394559 is divided by 576?
575
Calculate the remainder when 176752 is divided by 250.
2
What is the remainder when 130291 is divided by 100?
91
What is the remainder when 12635 is divided by 6316?
3
Calculate the remainder when 1135249 is divided by 478.
477
Calculate the remainder when 102896 is divided by 735.
731
Calculate the remainder when 4587 is divided by 228.
27
Calculate the remainder when 763558 is divided by 70.
68
What is the remainder when 2838 is divided by 159?
135
Calculate the remainder when 7332 is divided by 3665.
2
Calculate the remainder when 102561 is divided by 94.
7
What is the remainder when 38019 is divided by 12653?
60
What is the remainder when 2457 is divided by 818?
3
What is the remainder when 1262 is divided by 324?
290
What is the remainder when 46973 is divided by 313?
23
What is the remainder when 14548 is divided by 1036?
44
What is the remainder when 197869 is divided by 291?
280
Calculate the remainder when 42774 is divided by 139.
101
Calculate the remainder when 129569 is divided by 70.
69
Calculate the remainder when 5229 is divided by 851.
123
What is the remainder when 1672 is divided by 141?
121
Calculate the remainder when 6530 is divided by 732.
674
What is the remainder when 5317 is divided by 1280?
197
What is the remainder when 871 is divided by 841?
30
Calculate the remainder when 1093 is divided by 430.
233
What is the remainder when 17139 is divided by 451?
1
What is the remainder when 19199 is divided by 800?
799
What is the remainder when 1616 is divided by 19?
1
What is the remainder when 137135 is divided by 10?
5
What is the remainder when 194726 is divided by 4327?
11
What is the remainder when 14411 is divided by 7?
5
Calculate the remainder when 106209 is divided by 668.
665
Calculate the remainder when 3237 is divided by 115.
17
Calculate the remainder when 7393 is divided by 57.
40
Calculate the remainder when 23372 is divided by 7708.
248
Calculate the remainder when 2187 is divided by 9.
0
Calculate the remainder when 587 is divided by 351.
236
Calculate the remainder when 1623 is divided by 534.
21
What is the remainder when 115263 is divided by 38386?
105
Calculate the remainder when 21082 is divided by 543.
448
What is the remainder when 4021 is divided by 1313?
82
What is the remainder when 78463 is divided by 19613?
11
What is the remainder when 5065 is divided by 18?
7
Calculate the remainder when 1155 is divided by 27.
21
Calculate the remainder when 6949 is divided by 27.
10
What is the remainder when 1442 is divided by 433?
143
What is the remainder when 66831 is divided by 22243?
102
Calculate the remainder when 106495 is divided by 467.
19
Calculate the remainder when 25437 is divided by 815.
172
Calculate the remainder when 7506 is divided by 97.
37
What is the remainder when 49396 is divided by 50?
46
What is the remainder when 53393 is divided by 137?
100
What is the remainder when 9813 is divided by 196?
13
Calculate the remainder when 45408 is divided by 10.
8
Calculate the remainder when 3244 is divided by 864.
652
Calculate the remainder when 42143 is divided by 93.
14
Calculate the remainder when 7446 is divided by 1471.
91
What is the remainder when 4640 is divided by 502?
122
Calculate the remainder when 249957 is divided by 20.
17
Calculate the remainder when 1223 is divided by 164.
75
What is the remainder when 24545 is divided by 8181?
2
What is the remainder when 2840 is divided by 748?
596
What is the remainder when 15454724 is divided by 2246?
2244
Calculate the remainder when 4785 is divided by 111.
12
What is the remainder when 243992 is divided by 121991?
10
What is the remainder when 331300 is divided by 321?
28
What is the r